{"id":3,"date":"2023-06-17T17:05:09","date_gmt":"2023-06-17T17:05:09","guid":{"rendered":"https:\/\/eleconsult.at\/?page_id=3"},"modified":"2026-02-02T12:24:37","modified_gmt":"2026-02-02T12:24:37","slug":"impressum","status":"publish","type":"page","link":"https:\/\/eleconsult.at\/index.php\/impressum\/","title":{"rendered":"Impressum"},"content":{"rendered":"\t\t<div data-elementor-type=\"wp-page\" data-elementor-id=\"3\" class=\"elementor elementor-3\">\n\t\t\t\t\t\t\t\t\t<section class=\"elementor-section elementor-top-section elementor-element elementor-element-17cdddcd elementor-section-boxed elementor-section-height-default elementor-section-height-default\" data-id=\"17cdddcd\" data-element_type=\"section\">\n\t\t\t\t\t\t<div class=\"elementor-container elementor-column-gap-default\">\n\t\t\t\t\t<div class=\"elementor-column elementor-col-100 elementor-top-column elementor-element elementor-element-22986b41\" data-id=\"22986b41\" data-element_type=\"column\">\n\t\t\t<div class=\"elementor-widget-wrap elementor-element-populated\">\n\t\t\t\t\t\t\t\t<div class=\"elementor-element elementor-element-7e4247c9 elementor-widget elementor-widget-text-editor\" data-id=\"7e4247c9\" data-element_type=\"widget\" data-widget_type=\"text-editor.default\">\n\t\t\t\t<div class=\"elementor-widget-container\">\n\t\t\t<style>\/*! elementor - v3.14.0 - 18-06-2023 *\/\n.elementor-widget-text-editor.elementor-drop-cap-view-stacked .elementor-drop-cap{background-color:#69727d;color:#fff}.elementor-widget-text-editor.elementor-drop-cap-view-framed .elementor-drop-cap{color:#69727d;border:3px solid;background-color:transparent}.elementor-widget-text-editor:not(.elementor-drop-cap-view-default) .elementor-drop-cap{margin-top:8px}.elementor-widget-text-editor:not(.elementor-drop-cap-view-default) .elementor-drop-cap-letter{width:1em;height:1em}.elementor-widget-text-editor .elementor-drop-cap{float:left;text-align:center;line-height:1;font-size:50px}.elementor-widget-text-editor .elementor-drop-cap-letter{display:inline-block}<\/style>\t\t\t\t<h5 style=\"font-size: 16px; font-family: 'Nunito Sans', sans-serif; font-weight: inherit; line-height: inherit; font-style: normal; font-variant-numeric: inherit; font-variant-east-asian: inherit; font-variant-alternates: inherit; font-variant-position: inherit; font-variant-emoji: inherit; font-stretch: inherit; font-optical-sizing: inherit; font-size-adjust: inherit; font-kerning: inherit; font-feature-settings: inherit; font-variation-settings: inherit; font-language-override: inherit; margin-bottom: 0px; padding-top: 1rem; padding-right: 1rem; padding-left: 1rem; text-transform: uppercase; color: #062e3a;\"><span style=\"font-size: 2.5em; font-weight: 600;\">Information gem. \u00a7 5 E-Commerce Gesetz (ECG)<\/span><\/h5>\n<h3 style=\"font-size: 1.5em; font-family: 'Nunito Sans', sans-serif; line-height: 1.1; font-style: normal; font-variant-numeric: inherit; font-variant-east-asian: inherit; font-variant-alternates: inherit; font-variant-position: inherit; font-variant-emoji: inherit; font-stretch: inherit; font-optical-sizing: inherit; font-size-adjust: inherit; font-kerning: inherit; font-feature-settings: inherit; font-variation-settings: inherit; font-language-override: inherit; margin-bottom: 0px; padding: 1rem 1rem 0.5rem; color: #062e3a;\">Firmensitz und Kontakt<\/h3>\n<p style=\"font-size: 16px; font-family: 'Nunito Sans', sans-serif; font-weight: 400; line-height: inherit; font-style: normal; font-variant-numeric: inherit; font-variant-east-asian: inherit; font-variant-alternates: inherit; font-variant-position: inherit; font-variant-emoji: inherit; font-stretch: inherit; font-optical-sizing: inherit; font-size-adjust: inherit; font-kerning: inherit; font-feature-settings: inherit; font-variation-settings: inherit; font-language-override: inherit; margin-bottom: 0px; padding: 0.5rem 1rem; color: #062e3a;\">Eleconsult OG<\/p>\n<p style=\"font-size: 16px; font-family: 'Nunito Sans', sans-serif; font-weight: 400; line-height: inherit; font-style: normal; font-variant-numeric: inherit; font-variant-east-asian: inherit; font-variant-alternates: inherit; font-variant-position: inherit; font-variant-emoji: inherit; font-stretch: inherit; font-optical-sizing: inherit; font-size-adjust: inherit; font-kerning: inherit; font-feature-settings: inherit; font-variation-settings: inherit; font-language-override: inherit; margin-bottom: 0px; padding: 0.5rem 1rem; color: #062e3a;\">A-1020 Wien, Alliiertenstra\u00dfe 8\/4<\/p>\n<p style=\"font-size: 16px; font-family: 'Nunito Sans', sans-serif; font-weight: 400; line-height: inherit; font-style: normal; font-variant-numeric: inherit; font-variant-east-asian: inherit; font-variant-alternates: inherit; font-variant-position: inherit; font-variant-emoji: inherit; font-stretch: inherit; font-optical-sizing: inherit; font-size-adjust: inherit; font-kerning: inherit; font-feature-settings: inherit; font-variation-settings: inherit; font-language-override: inherit; margin-bottom: 0px; padding: 0.5rem 1rem; color: #062e3a;\"><br style=\"line-height: 1.367;\" \/>T +43 1 997 71 87<br style=\"line-height: 1.367;\" \/>office@eleconsult.at<\/p>\n<h3 style=\"font-size: 1.5em; font-family: 'Nunito Sans', sans-serif; line-height: 1.1; font-style: normal; font-variant-numeric: inherit; font-variant-east-asian: inherit; font-variant-alternates: inherit; font-variant-position: inherit; font-variant-emoji: inherit; font-stretch: inherit; font-optical-sizing: inherit; font-size-adjust: inherit; font-kerning: inherit; font-feature-settings: inherit; font-variation-settings: inherit; font-language-override: inherit; margin-bottom: 0px; padding: 1.5rem 1rem 0.5rem; color: #062e3a;\">Gesellschafter &amp; Gesch\u00e4ftsf\u00fchrer<\/h3>\n<p style=\"font-size: 16px; font-family: 'Nunito Sans', sans-serif; font-weight: 400; line-height: inherit; font-style: normal; font-variant-numeric: inherit; font-variant-east-asian: inherit; font-variant-alternates: inherit; font-variant-position: inherit; font-variant-emoji: inherit; font-stretch: inherit; font-optical-sizing: inherit; font-size-adjust: inherit; font-kerning: inherit; font-feature-settings: inherit; font-variation-settings: inherit; font-language-override: inherit; margin-bottom: 0px; padding: 0.5rem 1rem; color: #062e3a;\">Debora BUZAS<br style=\"line-height: 1.367;\" \/>Corina CIUBELA<\/p>\n<h3 style=\"font-size: 1.5em; font-family: 'Nunito Sans', sans-serif; line-height: 1.1; font-style: normal; font-variant-numeric: inherit; font-variant-east-asian: inherit; font-variant-alternates: inherit; font-variant-position: inherit; font-variant-emoji: inherit; font-stretch: inherit; font-optical-sizing: inherit; font-size-adjust: inherit; font-kerning: inherit; font-feature-settings: inherit; font-variation-settings: inherit; font-language-override: inherit; margin-bottom: 0px; padding: 1.5rem 1rem 0.5rem; color: #062e3a;\">Angaben zur Firma<\/h3>\n<p style=\"font-size: 16px; font-family: 'Nunito Sans', sans-serif; font-weight: 400; line-height: inherit; font-style: normal; font-variant-numeric: inherit; font-variant-east-asian: inherit; font-variant-alternates: inherit; font-variant-position: inherit; font-variant-emoji: inherit; font-stretch: inherit; font-optical-sizing: inherit; font-size-adjust: inherit; font-kerning: inherit; font-feature-settings: inherit; font-variation-settings: inherit; font-language-override: inherit; margin-bottom: 0px; padding: 0.5rem 1rem; color: #062e3a;\">Firmenbuch: FN 591521i<br style=\"line-height: 1.367;\" \/>Firmenbuchgericht: Landesgericht St.P\u00f6lten<br style=\"line-height: 1.367;\" \/>UID-Nummer: ATU38701703<br style=\"line-height: 1.367;\" \/>Debora BUZAS: Mitglied der WK\u00d6, Wirtschaftskammer Wien, Sparte Information und Consulting; Unternehmensberatung, Buchhaltung und Informationstechnologie, GISA-Zahl: 34827536<\/p>\n<p style=\"font-size: 16px; font-family: 'Nunito Sans', sans-serif; font-weight: 400; line-height: inherit; font-style: normal; font-variant-numeric: inherit; font-variant-east-asian: inherit; font-variant-alternates: inherit; font-variant-position: inherit; font-variant-emoji: inherit; font-stretch: inherit; font-optical-sizing: inherit; font-size-adjust: inherit; font-kerning: inherit; font-feature-settings: inherit; font-variation-settings: inherit; font-language-override: inherit; margin-bottom: 0px; padding: 0.5rem 1rem; color: #062e3a;\">\u00a0<\/p>\n<h3 style=\"font-size: 1.5em; font-family: 'Nunito Sans', sans-serif; line-height: 1.1; font-style: normal; font-variant-numeric: inherit; font-variant-east-asian: inherit; font-variant-alternates: inherit; font-variant-position: inherit; font-variant-emoji: inherit; font-stretch: inherit; font-optical-sizing: inherit; font-size-adjust: inherit; font-kerning: inherit; font-feature-settings: inherit; font-variation-settings: inherit; font-language-override: inherit; margin-bottom: 0px; padding: 1.5rem 1rem 0.5rem; color: #062e3a;\">Gesetzliche Bestimmungen<\/h3>\n<p style=\"font-size: 16px; font-family: 'Nunito Sans', sans-serif; font-weight: 400; line-height: inherit; font-style: normal; font-variant-numeric: inherit; font-variant-east-asian: inherit; font-variant-alternates: inherit; font-variant-position: inherit; font-variant-emoji: inherit; font-stretch: inherit; font-optical-sizing: inherit; font-size-adjust: inherit; font-kerning: inherit; font-feature-settings: inherit; font-variation-settings: inherit; font-language-override: inherit; margin-bottom: 0px; padding: 0.5rem 1rem; color: #062e3a;\">Wirtschaftstreuhandberufsgesetz \u2013 WTBG (BGBI. I 58\/1999)<br style=\"line-height: 1.367;\" \/>Novelle zum WTBG (BGBI. I 135\/2001)<br style=\"line-height: 1.367;\" \/>Wirtschaftstreuhandberufs-Aus\u00fcbungsrichtlinie (WT-ARL 2003)<br style=\"line-height: 1.367;\" \/>Novelle zum WT-ARL (ver\u00f6ffentlich im ABI 2\/2005)<\/p>\n<h3 style=\"font-size: 1.5em; font-family: 'Nunito Sans', sans-serif; line-height: 1.1; font-style: normal; font-variant-numeric: inherit; font-variant-east-asian: inherit; font-variant-alternates: inherit; font-variant-position: inherit; font-variant-emoji: inherit; font-stretch: inherit; font-optical-sizing: inherit; font-size-adjust: inherit; font-kerning: inherit; font-feature-settings: inherit; font-variation-settings: inherit; font-language-override: inherit; margin-bottom: 0px; padding: 1.5rem 1rem 0.5rem; color: #062e3a;\">Haftung f\u00fcr Links<\/h3>\n<p style=\"font-size: 16px; font-family: 'Nunito Sans', sans-serif; font-weight: 400; line-height: inherit; font-style: normal; font-variant-numeric: inherit; font-variant-east-asian: inherit; font-variant-alternates: inherit; font-variant-position: inherit; font-variant-emoji: inherit; font-stretch: inherit; font-optical-sizing: inherit; font-size-adjust: inherit; font-kerning: inherit; font-feature-settings: inherit; font-variation-settings: inherit; font-language-override: inherit; margin-bottom: 0px; padding: 0.5rem 1rem; color: #062e3a;\">Wir \u00fcbernehmen keine Haftung f\u00fcr die Inhalte externer Links. F\u00fcr den Inhalt der verlinkten Seiten sind ausschlie\u00dflich deren Betreiber verantwortlich. Die Haftung deren Inhalte ist somit ausgeschlossen.<\/p>\n<h3 style=\"font-size: 1.5em; font-family: 'Nunito Sans', sans-serif; line-height: 1.1; font-style: normal; font-variant-numeric: inherit; font-variant-east-asian: inherit; font-variant-alternates: inherit; font-variant-position: inherit; font-variant-emoji: inherit; font-stretch: inherit; font-optical-sizing: inherit; font-size-adjust: inherit; font-kerning: inherit; font-feature-settings: inherit; font-variation-settings: inherit; font-language-override: inherit; margin-bottom: 0px; padding: 1.5rem 1rem 0.5rem; color: #062e3a;\">Konzept, Design &amp; Technische Umsetzung<\/h3>\n<p style=\"font-size: 16px; font-family: 'Nunito Sans', sans-serif; font-weight: 400; line-height: inherit; font-style: normal; font-variant-numeric: inherit; font-variant-east-asian: inherit; font-variant-alternates: inherit; font-variant-position: inherit; font-variant-emoji: inherit; font-stretch: inherit; font-optical-sizing: inherit; font-size-adjust: inherit; font-kerning: inherit; font-feature-settings: inherit; font-variation-settings: inherit; font-language-override: inherit; margin-bottom: 0px; padding: 0.5rem 1rem; color: #062e3a;\"><blockquote class=\"wp-embedded-content\" data-secret=\"L92db9yVsG\"><a href=\"https:\/\/automattic.com\/privacy\/\">Privacy\u00a0Policy<\/a><\/blockquote><iframe loading=\"lazy\" class=\"wp-embedded-content\" sandbox=\"allow-scripts\" security=\"restricted\" style=\"position: absolute; visibility: hidden;\" title=\"&#8220;Privacy\u00a0Policy&#8221; &#8212; Automattic\" src=\"https:\/\/automattic.com\/privacy\/embed\/#?secret=VTKV8rLEsD#?secret=L92db9yVsG\" data-secret=\"L92db9yVsG\" width=\"500\" height=\"282\" frameborder=\"0\" marginwidth=\"0\" marginheight=\"0\" scrolling=\"no\"><\/iframe><\/p>\n<h3 style=\"font-size: 1.5em; font-family: 'Nunito Sans', sans-serif; line-height: 1.1; font-style: normal; font-variant-numeric: inherit; font-variant-east-asian: inherit; font-variant-alternates: inherit; font-variant-position: inherit; font-variant-emoji: inherit; font-stretch: inherit; font-optical-sizing: inherit; font-size-adjust: inherit; font-kerning: inherit; font-feature-settings: inherit; font-variation-settings: inherit; font-language-override: inherit; margin-bottom: 0px; padding: 1.5rem 1rem 0.5rem; color: #062e3a;\">Inhalt des Onlineangebotes<\/h3>\n<p style=\"font-size: 16px; font-family: 'Nunito Sans', sans-serif; font-weight: 400; line-height: inherit; font-style: normal; font-variant-numeric: inherit; font-variant-east-asian: inherit; font-variant-alternates: inherit; font-variant-position: inherit; font-variant-emoji: inherit; font-stretch: inherit; font-optical-sizing: inherit; font-size-adjust: inherit; font-kerning: inherit; font-feature-settings: inherit; font-variation-settings: inherit; font-language-override: inherit; margin-bottom: 0px; padding: 0.5rem 1rem; color: #062e3a;\">Die auf dieser Webseite enthaltenen Angaben werden nach bestem Wissen erstellt und mit gro\u00dfer Sorgfalt auf Ihre Richtigkeit \u00fcberpr\u00fcft. Trotzdem sind inhaltliche und sachliche Fehler nicht vollst\u00e4ndig auszuschie\u00dfen.<\/p>\n<p style=\"font-size: 16px; font-family: 'Nunito Sans', sans-serif; font-weight: 400; line-height: inherit; font-style: normal; font-variant-numeric: inherit; font-variant-east-asian: inherit; font-variant-alternates: inherit; font-variant-position: inherit; font-variant-emoji: inherit; font-stretch: inherit; font-optical-sizing: inherit; font-size-adjust: inherit; font-kerning: inherit; font-feature-settings: inherit; font-variation-settings: inherit; font-language-override: inherit; margin-bottom: 0px; padding-top: 0.5rem; padding-right: 1rem; padding-left: 1rem; color: #062e3a;\">Eleconsult OG \u00fcbernimmt keinerlei Garantie und Haftung f\u00fcr die Richtigkeit, Aktualit\u00e4t und Vollst\u00e4ndigkeit der bereitgestellten Informationen. Alle Angaben ohne Gew\u00e4hr. Irrt\u00fcmer, Satz- und Druckfehler vorbehalten. Dies gilt auch f\u00fcr alle Links zu anderen URLs, die auf unserer Webseite genannt werden.<\/p>\n<p style=\"font-size: 16px; font-family: 'Nunito Sans', sans-serif; font-weight: 400; line-height: inherit; font-style: normal; font-variant-numeric: inherit; font-variant-east-asian: inherit; font-variant-alternates: inherit; font-variant-position: inherit; font-variant-emoji: inherit; font-stretch: inherit; font-optical-sizing: inherit; font-size-adjust: inherit; font-kerning: inherit; font-feature-settings: inherit; font-variation-settings: inherit; font-language-override: inherit; margin-bottom: 0px; padding-top: 0.5rem; padding-right: 1rem; padding-left: 1rem; color: #062e3a;\">\u00a0<\/p>\n<p>\u00a0<\/p>\n<p><!-- \/wp:paragraph --><\/p>\t\t\t\t\t\t<\/div>\n\t\t\t\t<\/div>\n\t\t\t\t\t<\/div>\n\t\t<\/div>\n\t\t\t\t\t\t\t<\/div>\n\t\t<\/section>\n\t\t\t\t<section class=\"elementor-section elementor-top-section elementor-element elementor-element-b0a2452 elementor-section-boxed elementor-section-height-default elementor-section-height-default\" data-id=\"b0a2452\" data-element_type=\"section\">\n\t\t\t\t\t\t<div class=\"elementor-container elementor-column-gap-default\">\n\t\t\t\t\t<div class=\"elementor-column elementor-col-100 elementor-top-column elementor-element elementor-element-0ddcdab\" data-id=\"0ddcdab\" data-element_type=\"column\">\n\t\t\t<div class=\"elementor-widget-wrap\">\n\t\t\t\t\t\t\t\t\t<\/div>\n\t\t<\/div>\n\t\t\t\t\t\t\t<\/div>\n\t\t<\/section>\n\t\t\t\t\t\t\t<\/div>\n\t\t","protected":false},"excerpt":{"rendered":"<p>Information gem. \u00a7 5 E-Commerce Gesetz (ECG) Firmensitz und Kontakt Eleconsult OG A-1020 Wien, Alliiertenstra\u00dfe 8\/4 T +43 1 997 71 87office@eleconsult.at Gesellschafter &amp; Gesch\u00e4ftsf\u00fchrer Debora BUZASCorina CIUBELA Angaben zur Firma Firmenbuch: FN 591521iFirmenbuchgericht: Landesgericht St.P\u00f6ltenUID-Nummer: ATU38701703Debora BUZAS: Mitglied der WK\u00d6, Wirtschaftskammer Wien, Sparte Information und Consulting; Unternehmensberatung, Buchhaltung und Informationstechnologie, GISA-Zahl: 34827536 \u00a0 Gesetzliche &hellip;<\/p>\n<p class=\"read-more\"> <a class=\"\" href=\"https:\/\/eleconsult.at\/index.php\/impressum\/\"> <span class=\"screen-reader-text\">Impressum<\/span> Read More &raquo;<\/a><\/p>\n","protected":false},"author":1,"featured_media":0,"parent":0,"menu_order":0,"comment_status":"closed","ping_status":"closed","template":"","meta":{"site-sidebar-layout":"default","site-content-layout":"default","ast-global-header-display":"","ast-banner-title-visibility":"","ast-main-header-display":"","ast-hfb-above-header-display":"","ast-hfb-below-header-display":"","ast-hfb-mobile-header-display":"","site-post-title":"","ast-breadcrumbs-content":"","ast-featured-img":"","footer-sml-layout":"","theme-transparent-header-meta":"","adv-header-id-meta":"","stick-header-meta":"","header-above-stick-meta":"","header-main-stick-meta":"","header-below-stick-meta":"","footnotes":""},"class_list":["post-3","page","type-page","status-publish","hentry"],"_links":{"self":[{"href":"https:\/\/eleconsult.at\/index.php\/wp-json\/wp\/v2\/pages\/3","targetHints":{"allow":["GET"]}}],"collection":[{"href":"https:\/\/eleconsult.at\/index.php\/wp-json\/wp\/v2\/pages"}],"about":[{"href":"https:\/\/eleconsult.at\/index.php\/wp-json\/wp\/v2\/types\/page"}],"author":[{"embeddable":true,"href":"https:\/\/eleconsult.at\/index.php\/wp-json\/wp\/v2\/users\/1"}],"replies":[{"embeddable":true,"href":"https:\/\/eleconsult.at\/index.php\/wp-json\/wp\/v2\/comments?post=3"}],"version-history":[{"count":8,"href":"https:\/\/eleconsult.at\/index.php\/wp-json\/wp\/v2\/pages\/3\/revisions"}],"predecessor-version":[{"id":362,"href":"https:\/\/eleconsult.at\/index.php\/wp-json\/wp\/v2\/pages\/3\/revisions\/362"}],"wp:attachment":[{"href":"https:\/\/eleconsult.at\/index.php\/wp-json\/wp\/v2\/media?parent=3"}],"curies":[{"name":"wp","href":"https:\/\/api.w.org\/{rel}","templated":true}]}}